9
20cc61 (base 13) to base 15
1036dc
-1000111010010111 (base 2) to base 10
-36503
1714534 (base 8) to base 16
7995c
Convert -660472a (base 11) to base 10.
-11601875
-380221 (base 11) to base 16
-929e2
Convert 8a054 (base 13) to base 6.
5211503
What is 220193 (base 14) in base 5?
243342210
100320013230 (base 4) to base 11
2551a45
What is -4026556 (base 8) in base 6?
-34420210
111020211012 (base 3) to base 5
31321402
-23136155 (base 8) to base 11
-2925384
Convert -111043243 (base 5) to base 4.
-1312332123
What is -116041 (base 7) in base 13?
-9901
What is 32401 (base 8) in base 14?
4d33
-2017032 (base 9) to base 2
-100000110010110001111
Convert -c0bb (base 16) to base 15.
-e944
Convert -e6933 (base 16) to base 14.
-1a8279
What is 110021122211022 (base 3) in base 5?
3132344233
103240134 (base 5) to base 4
1230331112
Convert 32b6 (base 15) to base 8.
24772
What is -11b14 (base 14) in base 8?
-124506
What is 20122100111 (base 3) in base 7?
1053121
Convert -399cb (base 14) to base 7.
-1130444
What is -5313 (base 8) in base 10?
-2763
What is -11521051 (base 7) in base 16?
-fb908
What is d92 (base 14) in base 10?
2676
177673 (base 10) to base 14
48a6d
-493610 (base 14) to base 12
-a0a5ba
123200243 (base 5) to base 8
2224011
What is -1001011101010101101011 (base 2) in base 12?
-9b6a63
What is -32080 (base 15) in base 7?
-1230546
Convert 1c8741 (base 13) to base 5.
141422322
Convert -21210000000110 (base 3) to base 4.
-33301021002
What is -562875 (base 13) in base 3?
-10211022200020
Convert 84242 (base 11) to base 2.
11101111101110100
What is -4057001 (base 8) in base 13?
-2b72cb
Convert -27178 (base 16) to base 9.
-263571
30c47a (base 13) to base 5
243003040
What is 101112220200 (base 3) in base 10?
207702
Convert -2230311034 (base 5) to base 4.
-102310012303
Convert 263dd1 (base 15) to base 4.
13000023202
-2c428c (base 14) to base 5
-344020012
Convert 5403217 (base 8) to base 15.
1d7a66
Convert 210212003 (base 4) to base 12.
728ab
What is -205435042 (base 6) in base 13?
-9a080b
101000000000010 (base 2) to base 3
1001002121
4105402 (base 6) to base 12
95262
-67a862 (base 13) to base 11
-14245a1
Convert 2172817 (base 9) to base 3.
2012102220121
Convert 4477112 (base 8) to base 3.
2021120112002
What is -424302 (base 11) in base 9?
-1244578
What is -167cc (base 13) in base 5?
-2334334
Convert -1114840 (base 9) to base 3.
-1010111221100
299e6 (base 15) to base 12
65576
Convert -3553251 (base 8) to base 7.
-11160103
What is -1213035011 (base 6) in base 13?
-2b4456b
Convert -1338230 (base 12) to base 10.
-3808836
What is -11110011011000101111 (base 2) in base 14?
-1bd43d
-53b3 (base 13) to base 8
-26566
What is -210001012221 (base 3) in base 10?
-414232
What is -533545323 (base 6) in base 13?
-1c4c118
Convert 104441240 (base 7) to base 5.
3104001243
What is 632489 (base 10) in base 14?
1266db
Convert 1112120100 (base 4) to base 10.
353808
-2076a47 (base 11) to base 6
-210200344
Convert 45225103 (base 6) to base 10.
1372287
Convert -12960a0 (base 13) to base 4.
-112101232030
What is 123202102 (base 4) in base 15?
23641
What is 537901 (base 12) in base 5?
314213021
What is 1100000110110010001 (base 2) in base 15?
7c80e
What is 23407 (base 16) in base 7?
1140652
What is 56502 (base 9) in base 15?
b20b
-1aab5 (base 13) to base 9
-78747
Convert 1111110000002 (base 3) to base 11.
4a4110
Convert -25013553 (base 9) to base 6.
-1114103120
Convert 451502143 (base 6) to base 14.
1137c07
-309423 (base 10) to base 12
-12b093
4a3c (base 13) to base 3
112102222
What is 1233103133 (base 4) in base 10?
455903
What is 48b3359 (base 12) in base 10?
14168373
Convert 32315622 (base 7) to base 4.
22202001012
Convert -100001000100111100100 (base 2) to base 9.
-2031716
Convert -213016 (base 7) to base 5.
-2141212
Convert 12225341 (base 6) to base 13.
109915
What is -2354600 (base 9) in base 12?
-516690
Convert 412460 (base 8) to base 13.
4a189
-43112144 (base 7) to base 6
-210333142
2222010021111 (base 3) to base 15
212404
122122211 (base 3) to base 14
4998
What is 114503664 (base 7) in base 11?
403a719
Convert -2b2b03 (base 13) to base 14.
-1d9577
Convert 404439 (base 11) to base 3.
1020000201002
8a654 (base 16) to base 5
121114433
1895e (base 15) to base 16
1377b
What is 2311203 (base 4) in base 8?
26543
12011222011 (base 3) to base 12
4b071
What is 250530553 (base 6) in base 13?
cc1875
Convert -1066320 (base 7) to base 4.
-200302002
Convert -3111122030 (base 4) to base 8.
-3253214
Convert 13bb67 (base 13) to base 10.
483087
Convert -93508aa (base 11) to base 9.
-34040714
Convert 14214302 (base 5) to base 13.
52527
Convert 221012211 (base 3) to base 16.
47ce
What is -11001100001100110 (base 2) in base 6?
-2124010
-302101124 (base 5) to base 12
-4a21a6
What is -71226 (base 9) in base 15?
-dd2c
What is -168388 (base 9) in base 3?
-12022102222
-339aaa (base 11) to base 5
-114243020
Convert 11204223 (base 5) to base 13.
36a08
What is -10432004 (base 5) in base 15?
-1c739
What is -101110111111100111011 (base 2) in base 6?
-53001055
Convert 30413511 (base 7) to base 4.
21230133210
What is -62251 (base 13) in base 9?
-287577
Convert 410515 (base 9) to base 5.
30240201
What is -250628 (base 11) in base 14?
-a44a3
What is 222221202 (base 3) in base 6?
230545
Convert a12c3d (base 14) to base 2.
10100101100010110100111
What is 111110010111110101110 (base 2) in base 10?
2043822
Convert -10322032 (base 5) to base 9.
-145087
-14a680 (base 12) to base 2
-1010101011101000000
What is 10101100010121 (base 3) in base 8?
6667263
What is 168a85 (base 13) in base 10?
562034
What is -573693 (base 10) in base 14?
-10d101
What is b867 (base 12) in base 13?
929b
What is 26484 (base 13) in base 10?
71088
What is -5dbc28 (base 14) in base 9?
-6048460
-5465412 (base 7) to base 9
-1233473
61454 (base 12) to base 2
11110111101000000
What is 4869cd (base 16) in base 12?
170a411
Convert 312133003 (base 4) to base 3.
102100010121
-1110011100011110 (base 2) to base 15
-127e6
Convert -2da639 (base 15) to base 7.
-24542031
2b3c59 (base 15) to base 13
581826
Convert 183802 (base 9) to base 6.
2241302
1f528 (base 16) to base 3
20111222201
What is 10211011100 (base 3) in base 6?
1340100
What is -1022210001020 (base 3) in base 2?
-10101011111011110111
Convert 2222100202222 (base 3) to base 16.
1822c7
Convert 207882 (base 13) to base 9.
1376653
Convert -8449a (base 15) to base 10.
-419545
Convert -20021010102111 (base 3) to base 14.
-629244
Convert 520222 (base 14) to base 12.
b14ab2
Convert 29003b (base 16) to base 11.
157589a
What is -411322032 (base 5) in base 9?
-3120800
50329 (base 10) to base 2
1100010010011001
-1abb225 (base 12) to base 11
-32588a9
What is 64650 (base 14) in base 11?
1563a3
What is -5521535 (base 6) in base 15?
-567eb
-2512261 (base 8) to base 15
-da6d5
What is 39fe9 (base 16) in base 8?
717751
Convert 1b7125 (base 16) to base 15.
257d0c
40684 (base 10) to base 16
9eec
-10453053 (base 6) to base 16
-4daf9
2750702 (base 8) to base 12
314316
-46466 (base 11) to base 7
-366434
212230223 (base 4) to base 2
100110101100101011
Convert 1452321 (base 8) to base 9.
702152
Convert c7a6 (base 16) to base 6.
1032342
What is -584 (base 16) in base 7?
-4055
What is 12201002101 (base 4) in base 9?
3183154
100110011100000000 (base 2) to base 16
26700
What is -b7a5c9 (base 13) in base 3?
-22002211021100
What is 11210120122 (base 3) in base 14?
265d5
Convert 353430 (base 7) to base 8.
174270
2934b (base 15) to base 4
200110103
What is 422501334 (base 6) in base 2?
11100010001010010111010
Convert -25524533 (base 7) to base 16.
-237d31
What is -200001222 (base 4) in base 11?
-8a613
110002011201 (base 3) to base 8
720325
What is -5605136 (base 7) in base 4?
-2220222332
Convert 500233 (base 6) to base 11.
27310
1a94b95 (base 13) to base 16
866485
112200022120210 (base 3) to base 13
180181b
-88573 (base 10) to base 14
-243c9
-35846 (base 9) to base 13
-ac17
What is 188a39 (base 12) in base 7?
3440505
What is 23021013021 (base 4) in base 9?
5441650
Convert 325030 (base 9) to base 13.
6a377
6721410 (base 8) to base 16
1ba308
Convert 10114224302 (base 5) to base 15.
d884bc
What is -375a52 (base 12) in base 8?
-3341236
What is -38c9c4 (base 14) in base 15?
-2896c9
What is 4652154 (base 12) in base 4?
303222231100
-a167